. Is l a prime number?
True
Let c = -39 - -72. Is c a prime number?
False
Let v(b) = -7*b + 11. Let q(g) = 2*g - 4. Let k(m) = -8*q(m) - 3*v(m). Let i be k(1). Suppose 2*d + 5 = 3*d, -f = -i*d + 6. Is f a prime number?
False
Let s = 15 - 7. Suppose 121 = w + s. Is w a composite number?
False
Suppose -4*u - 69 = -457. Is u prime?
True
Let x be (-4)/((2/269)/(-1)). Is -3*(x/(-6) + 2) prime?
True
Let p(u) be the third derivative of -u**5/60 - u**4/24 + u**3/2 + 2*u**2. Let r be p(0). Suppose -261 = -r*j + 102. Is j prime?
False
Suppose -3*p - 356 = -3761. Is p composite?
True
Suppose r - 3*f + 3 = -f, 2*r - 3 = f. Is (-39)/2*(-10)/r prime?
False
Suppose 3*o - 3 = 9. Suppose 14 = -5*p + w + 47, o*p - 26 = w. Is p prime?
True
Suppose -4*k - 4*q + 3984 - 592 = 0, q = 2*k - 1711. Is k prime?
True
Let w(x) = x**3 - 4*x**2 - 2*x - 5. Let u(l) be the first derivative of -l**4/4 - 2*l**3 - l**2/2 + 4. Let p be u(-6). Is w(p) a prime number?
False
Is 14/(-42) - 320/(-6) composite?
False
Let b(q) = -59*q + 47. Is b(-22) composite?
True
Let g be (24/3)/(2/(-8)). Let p = -5 + 3. Is -2 - -3 - (g + p) prime?
False
Let b = 139 - 116. Is b prime?
True
Let z = -25 + 82. Suppose -108 = -5*w + z. Is w prime?
False
Let j = -298 - -441. Is j prime?
False
Let v(p) = p**3 + 5*p**2 - 8*p + 7. Is v(5) composite?
True
Let c = 72 - -259. Is c a prime number?
True
Let l(y) = 159*y + 4. Is l(1) composite?
False
Is ((-2313)/(-6))/((-2)/4 - -1) composite?
True
Suppose 0 = 3*y - 1026 - 285. Suppose 4*k - x = 5*k - y, k - x = 437. Is k a prime number?
False
Let z(b) = -11*b + 8. Let x(f) = -f**3 - 5*f**2 + 6*f + 5. Let g be x(-6). Suppose -4*c - 5*n - 39 = -11, 3*c + 21 = g*n. Is z(c) a composite number?
True
Let i be (-21)/(-4) - (-3)/(-12). Let c be (i/(-2))/(1/(-2)). Suppose n + 3*n + c*l - 125 = 0, 2*l - 169 = -5*n. Is n composite?
True
Let u(d) = d - 1. Let q(f) = 19*f + 12. Let c(v) = q(v) + 5*u(v). Is c(5) a prime number?
True
Suppose 4*f - f + j - 4318 = 0, -3*j - 15 = 0. Is f composite?
True
Let s(u) = -u**2 - 3*u**3 + 2*u**2 - u**3 + 1 + 6*u + 3*u**3. Let d = 2 - 7. Is s(d) composite?
True
Suppose -4*l + 132 = -96. Is l a composite number?
True
Suppose 6*q - 2*q = u + 727, q = -3*u + 172. Is q a composite number?
False
Let h = 84 - -54. Let a = h - 51. Is a composite?
True
Suppose 2*r + 5*b - 238 = 0, 0 = -4*r - 2*b + 6*b + 476. Is r a composite number?
True
Is ((-238)/(-42))/((-1)/(-33)) prime?
False
Suppose 3393 - 96 = 21*m. Is m a composite number?
False
Let f = 11 - 7. Let s = f - 2. Is (5/(-10))/(s/(-124)) a composite number?
False
Let b(l) = -16*l - 11. Suppose -h - 2*h - 10 = 2*d, -d - 5 = h. Is b(d) prime?
False
Let a(x) be the second derivative of -5*x**4/6 - x**3/2 + x**2 - 2*x. Let g(k) be the first derivative of a(k). Is g(-2) a composite number?
False
Suppose 9*x = 8*x + 3. Suppose -c + x*c = -5*r + 289, 3*c = -2*r + 461. Is c prime?
True
Let v(d) = 2*d + 7. Let l be 36/3*1/2. Is v(l) composite?
False
Suppose 3*r + 15 - 3 = 0, 5*u + 2*r - 2177 = 0. Is u prime?
False
Let h(n) = n**3 + 6*n**2 - 7*n - 4. Let z be h(-5). Let a = -14 - -17. Suppose a*u - 12 = v + z, 5*u = v + 112. Is u a prime number?
False
Let n = 4 - 2. Is (3 + -10)/(n/(-34)) a composite number?
True
Suppose -2*x - h + 1271 = 0, 5*x = -0*x - 4*h + 3185. Is x a composite number?
True
Let c be (11 - 2)*(-4)/(-2). Suppose -2 = -j - 4*u + c, -4*u = 2*j - 24. Suppose 273 = j*a + 85. Is a composite?
False
Suppose 8 = 2*p - 4*s, s - 7 = -2*p + 4*s. Suppose p*q - 196 = -2*q. Is q composite?
True
Suppose -595 - 1800 = -5*g. Is g prime?
True
Let h(l) = 794*l**2 - 7*l + 1. Is h(2) composite?
False
Suppose -4*l + 24 = -l. Let f be (-2)/8 - 2038/l. Is 1/(f/(-127) + -2) a prime number?
True
Let i(y) = 201*y**2 - y + 12. Is i(-5) a composite number?
True
Let j = -1 + 16. Let l be -2 - -2*(-2 - -1). Let o = j - l. Is o a composite number?
False
Suppose -2*n + a - 25 = 2*n, -4*n - 5 = 3*a. Let d(f) = -2*f**3 - 3*f**2 - 5*f + 6. Let c be d(4). Is (-2)/(n/(c/(-4))) composite?
False
Suppose -2 = 5*g - 7. Let x be -2*g/((-3)/21). Suppose 0 = -f - 3*s + x + 27, -3*f + 137 = 2*s. Is f a composite number?
False
Suppose -83 = -5*k - 13. Is k composite?
True
Suppose -2*w + 485 = 3*w. Is w composite?
False
Let w be (-1408)/(-28) - (-2)/(-7). Suppose 0 = 4*p + 3*b - b + w, -5 = p + 2*b. Let n = p + 24. Is n composite?
True
Suppose 280 = 2*k + 2*k. Let q = k - -9. Is q a composite number?
False
Let y(n) = -32*n + 9. Is y(-8) composite?
True
Let i = 49 - 3. Suppose -4*m + 195 = 3*u + i, u = 4*m - 137. Is m prime?
False
Suppose 3*z - 16 = 38. Is (68/6)/(4/z) composite?
True
Suppose 16 = 2*l + 2*l. Suppose 16 + l = 4*p. Suppose 0 = -p*z - 0*z + 425. Is z prime?
False
Let i(g) = 5*g**2 - 16*g + 40. Is i(-19) a prime number?
False
Suppose 0 = 4*z - 4*l + 3*l - 6751, -6761 = -4*z - l. Is z composite?
True
Let z be 151/2 - 4/8. Suppose 0*d + 5*b + 4 = 3*d, 5*d = b + 14. Suppose -d*o + 0*o = -z. Is o a prime number?
False
Let o(z) = 13*z. Let b = -10 + 11. Is o(b) a prime number?
True
Let x = -2249 + 3586. Is x a composite number?
True
Let y be 0/(-1) + 30/2. Let n be (3/y - -1)*-40. Let c = -33 - n. Is c a composite number?
True
Suppose 250 = 3*p + 46. Let g be 5/7 + (-4)/(-14). Suppose 3*x - g = p. Is x a prime number?
True
Suppose 416 = 4*h + 2*g, 0 = 2*h + 3*g - 4*g - 212. Suppose -164 = -d + h. Is d composite?
False
Let p = -8 - -12. Let a = -93 - -156. Suppose 0 = -2*f - w + a, -f + p*w + 31 = -14. Is f a prime number?
False
Let v(z) = z + 9. Let w be v(-7). Suppose 0 = -w*y - l + 258, -5*l - 11 = y - 158. Is y prime?
True
Suppose k - 3*j + 4*j - 5 = 0, k + 5*j = 17. Suppose -k*m = -0*m - 104. Suppose 0 = 5*v - 10, -v + m + 45 = 5*g. Is g a composite number?
False
Let r be ((-2)/(-4))/((-3)/156). Let a = -36 - r. Is 2*-14*a/8 a prime number?
False
Suppose 0 = -4*x + 3*b - 21, -x = -0*x + 4*b - 9. Let w(i) = i**3 + 3*i**2 - i + 4. Is w(x) composite?
False
Suppose 2*h - 725 = 1053. Is h a prime number?
False
Suppose 1437 = 3*b + 3*w, 0*b + 5*w = 2*b - 972. Is b a composite number?
True
Let k be -3 + 1 - 610*1. Let h = -215 - k. Is h a composite number?
False
Suppose -5*b + b + 356 = 0. Let g = 72 + b. Suppose -a + g = u, 0 = 4*u - 5*a - 862 + 173. Is u composite?
True
Suppose 232 = -f + 1383. Is f a prime number?
True
Let t be (-8)/28 + 18/14. Is 12*(10 + t) + -1 prime?
True
Suppose 0 = -4*r + r + 1467. Suppose 0*n - n + r = 0. Is n composite?
True
Let r(h) = h**3 - 7*h**2 + 8*h + 23. Is r(15) composite?
True
Suppose -15 = -a - a + s, 0 = a + 3*s + 10. Suppose 131 = a*d - 9. Suppose 155 - d = i. Is i a composite number?
False
Suppose -4*n - 4 = -4*m, -n - 3*n = 2*m - 26. Suppose -5*q = 0, -m*q + 78 - 639 = -3*s. Is s prime?
False
Let t = -6 - -12. Suppose -2*r = -t, 2*d + 0*d = 3*r + 2547. Suppose 2*n - 7*n = -10, 0 = -4*m - 5*n + d. Is m composite?
False
Let u = -7 - -8. Is -2*(u - (1 + 2)) a composite number?
True
Let c(n) = 596*n**2 + n + 1. Let f be c(-1). Suppose 0*g + f = 4*g. Is g a prime number?
True
Let t = 2 + 1. Is 274/6 - t/(-9) a prime number?
False
Let t = -5562 - -8425. Is t prime?
False
Let m(i) = 10*i**2 - 3*i + 1. Let x be 0 - 2 - (-8 - -3). Suppose 1 - 7 = -x*s. Is m(s) a composite number?
True
Suppose -5*v + 0*l - 8 = l, 5*v = -5*l - 20. Let m be (-1 - v)/(-3) - -3. Suppose 3*r = -r - 2*g + 94, -5*r + 90 = -m*g. Is r a composite number?
True
Let b(a) = 19*a - 9. Let x be b(2). Let c = 58 + -39. Let r = x - c. Is r composite?
True
Let g = 25 - 4. Let h = 4 + -2. Suppose -5*f + 2*c + 121 = g, -4*f - h*c + 98 = 0. Is f a composite number?
True
Is 2/(-7) + (-21510)/(-70) a prime number?
True
Suppose -225 = -3*a - 729. Let g = -113 - a. Is g prime?
False
Suppose 0 = -4*u + 67 + 189. Suppose 0 = -d - 3*w + 7, -10 = 4*d - w - u. Is d composite?
False
Let i(j) = 126*j**2 + 10*j - 6. Let u(w) = -42*w**2 - 3*w + 2. Let p(f) = -3*i(f) - 10*u(f). Let g be p(2). Let q = 279 - g. Is q a prime number?
True
Let l(r) = 2*r**2 - 4*r + 2. Let g be l(2). Suppose 7 = g*d - 7. Is d composite?
False
Let g(y) = 35*y + 4. Suppose 4*s - 45 = -s. Is g(s) prime?
False
Suppose 0 = -6*m + 16*m - 3170. Is m prime?
True
Suppose -392 - 244 = -4*g. Is g a composite number?
True
Let i be 9/(-3) - (-54 - -3). Let y = i + 109. Suppose -